the greatest common factor of 198 and 85437.
99
What is the highest common divisor of 9452 and 1496?
68
What is the greatest common factor of 2139 and 2077?
31
Calculate the highest common divisor of 1 and 325189.
1
Calculate the highest common divisor of 294 and 378.
42
Calculate the greatest common divisor of 578812 and 26.
26
Calculate the greatest common divisor of 4187 and 27719.
53
Calculate the highest common factor of 74 and 4538.
2
What is the highest common divisor of 416250 and 100?
50
Calculate the highest common divisor of 340 and 80.
20
Calculate the greatest common divisor of 82521 and 583.
53
What is the highest common factor of 37 and 192733?
37
Calculate the greatest common divisor of 1584 and 292512.
528
Calculate the highest common factor of 193231 and 219.
73
What is the greatest common divisor of 346020 and 1080?
60
What is the highest common factor of 102270 and 2730?
210
Calculate the greatest common divisor of 22640 and 100.
20
What is the highest common factor of 10353 and 364820?
493
What is the greatest common factor of 630 and 76626?
18
Calculate the highest common divisor of 40638 and 624.
78
What is the highest common divisor of 168 and 14966?
14
What is the greatest common divisor of 555 and 128649?
111
Calculate the highest common divisor of 549 and 1467.
9
What is the greatest common factor of 6365 and 37855?
335
What is the highest common divisor of 220 and 178460?
20
Calculate the greatest common factor of 2021 and 201395.
47
Calculate the greatest common factor of 1281605 and 195.
65
Calculate the highest common divisor of 353741 and 31.
31
Calculate the highest common divisor of 2421 and 2466.
9
What is the greatest common factor of 2617722 and 2070?
414
What is the greatest common divisor of 44490 and 170?
10
Calculate the greatest common divisor of 19240 and 960.
40
What is the highest common factor of 192 and 9588?
12
What is the greatest common divisor of 25 and 159625?
25
What is the highest common factor of 171865 and 1110?
185
Calculate the highest common factor of 416 and 539872.
32
Calculate the greatest common factor of 17 and 567103.
17
What is the greatest common divisor of 85660 and 55?
5
What is the greatest common divisor of 42 and 73962?
42
Calculate the highest common divisor of 48 and 272.
16
Calculate the greatest common factor of 1327 and 2.
1
Calculate the highest common divisor of 56 and 28096.
8
What is the greatest common factor of 10724 and 28?
28
Calculate the highest common factor of 39969 and 2.
1
Calculate the greatest common divisor of 8785 and 1295.
35
Calculate the greatest common divisor of 257130 and 15.
15
Calculate the greatest common divisor of 34098 and 30.
6
What is the greatest common factor of 1547 and 76986?
91
What is the greatest common factor of 1125 and 324?
9
Calculate the highest common divisor of 2637 and 477.
9
What is the highest common divisor of 116723 and 4?
1
Calculate the greatest common factor of 63245 and 18765.
695
What is the greatest common factor of 2150 and 26950?
50
Calculate the greatest common factor of 550987 and 34.
17
Calculate the greatest common factor of 520 and 2304328.
104
Calculate the greatest common factor of 21 and 18641.
7
What is the highest common factor of 343240 and 360?
40
Calculate the greatest common factor of 50 and 82130.
10
What is the highest common factor of 30324 and 924?
84
What is the greatest common factor of 454 and 63333?
227
Calculate the greatest common divisor of 55138 and 190.
38
Calculate the highest common factor of 191815 and 5.
5
Calculate the highest common divisor of 3681 and 36.
9
What is the highest common factor of 2147 and 565?
113
What is the highest common divisor of 142802 and 22?
22
Calculate the greatest common factor of 1708 and 28060.
244
Calculate the greatest common divisor of 696168 and 6.
6
What is the greatest common divisor of 273 and 6681129?
273
Calculate the greatest common factor of 2634 and 290.
2
What is the highest common divisor of 3500 and 7140?
140
Calculate the highest common factor of 8 and 94492.
4
What is the highest common divisor of 28 and 8876?
28
What is the greatest common divisor of 5597665 and 305?
305
Calculate the highest common factor of 396 and 18558.
18
What is the greatest common divisor of 150 and 25600?
50
What is the highest common factor of 26624 and 2431?
13
What is the greatest common divisor of 381 and 914781?
381
Calculate the highest common divisor of 12805 and 52.
13
Calculate the greatest common divisor of 50 and 412310.
10
Calculate the greatest common factor of 4503 and 5871.
57
What is the greatest common factor of 128791 and 13?
13
Calculate the highest common divisor of 10695 and 30.
15
What is the highest common divisor of 356 and 64?
4
Calculate the highest common divisor of 4386 and 9486.
102
What is the highest common divisor of 31 and 525481?
31
What is the highest common divisor of 13607 and 99?
11
What is the greatest common divisor of 10440 and 920?
40
Calculate the greatest common factor of 12351 and 2783.
23
Calculate the greatest common divisor of 70 and 48295.
5
Calculate the highest common factor of 260225 and 175.
175
Calculate the greatest common factor of 32508 and 742868.
1204
What is the highest common divisor of 405404 and 2580?
172
What is the greatest common divisor of 106 and 105046?
106
What is the highest common divisor of 572427 and 1998?
999
What is the highest common divisor of 2831264 and 824?
824
What is the highest common divisor of 7091 and 140?
7
What is the greatest common divisor of 175752 and 216?
72
What is the greatest common factor of 2282 and 70?
14
Calculate the greatest common divisor of 15618 and 114.
114
What is the highest common factor of 663 and 2691?
39
What is the highest common divisor of 88 and 718?
2
Calculate the greatest common divisor of 20305 and 1395.
155
Calculate the highest common factor of 4163223 and 38.
19
What is the highest common factor of 147775 and 230?
115
Calculate the greatest common divisor of 19896 and 4152.
24
What is the greatest common factor of 23905 and 22645?
35
What is the greatest common factor of 98 and 1442?
14
What is the greatest common factor of 11 and 6259?
11
What is the greatest common factor of 184086 and 487?
487
Calculate the highest common factor of 998 and 6730512.
998
What is the highest common factor of 6556 and 254194?
298
What is the highest common divisor of 3178 and 5902?
454
Calculate the highest common factor of 712 and 138484.
356
What is the highest common divisor of 6 and 218919?
3
What is the greatest common divisor of 1605 and 856?
107
What is the greatest common factor of 2576448 and 256?
64
Calculate the highest common divisor of 23180 and 203740.
1220
Calculate the greatest common factor of 7 and 1979.
1
Calculate the greatest common divisor of 128 and 24608.
32
What is the greatest common divisor of 168 and 1857?
3
What is the greatest common factor of 6486 and 19928?
94
Calculate the greatest common factor of 46243 and 2471.
353
Calculate the greatest common divisor of 33210 and 82.
82
What is the highest common divisor of 308 and 31493?
77
Calculate the greatest common factor of 7298887 and 151.
151
Calculate the greatest common factor of 1536 and 32532.
12
Calculate the highest common factor of 232 and 1449304.
232
Calculate the highest common factor of 2862 and 506097.
477
Calculate the highest common factor of 33431 and 26159.
101
What is the highest common factor of 168 and 7680?
24
What is the highest common factor of 168226 and 475?
19
What is the highest common factor of 3752 and 217?
7
What is the highest common factor of 35832 and 744?
24
What is the highest common factor of 274596 and 196?
196
Calculate the greatest common factor of 206316 and 804.
12
What is the highest common divisor of 3432 and 1261?
13
Calculate the highest common divisor of 112 and 5744.
16
What is the highest common divisor of 470 and 15604?
94
Calculate the highest common divisor of 498 and 1675936.
166
What is the greatest common divisor of 150 and 75090?
30
What is the highest common divisor of 112876 and 8?
4
What is the highest common divisor of 18907 and 8687?
511
What is the greatest common divisor of 65390 and 50?
10
Calculate the greate